{"id":60,"date":"2019-05-31T10:09:51","date_gmt":"2019-05-31T10:09:51","guid":{"rendered":"http:\/\/aikido-sindelfingen.de\/?page_id=60"},"modified":"2020-07-12T17:57:11","modified_gmt":"2020-07-12T17:57:11","slug":"etikette","status":"publish","type":"page","link":"https:\/\/aikido-sindelfingen.de\/?page_id=60","title":{"rendered":"Etikette"},"content":{"rendered":"\n<figure class=\"wp-block-image\"><img loading=\"lazy\" decoding=\"async\" width=\"1024\" height=\"575\" src=\"http:\/\/aikido-sindelfingen.de\/wp-content\/uploads\/2019\/06\/2016-10-28-444-Schuhe-sw-1024x575.jpg\" alt=\"\" class=\"wp-image-73\" srcset=\"https:\/\/aikido-sindelfingen.de\/wp-content\/uploads\/2019\/06\/2016-10-28-444-Schuhe-sw-1024x575.jpg 1024w, https:\/\/aikido-sindelfingen.de\/wp-content\/uploads\/2019\/06\/2016-10-28-444-Schuhe-sw-300x169.jpg 300w, https:\/\/aikido-sindelfingen.de\/wp-content\/uploads\/2019\/06\/2016-10-28-444-Schuhe-sw-768x432.jpg 768w\" sizes=\"auto, (max-width: 767px) 89vw, (max-width: 1000px) 54vw, (max-width: 1071px) 543px, 580px\" \/><figcaption>Bevor man die Matte betritt, werden die Schuhe abgelegt. <br>Diese nutzt man f\u00fcr den Weg von der Umkleide in die Halle. So vermeiden wir Schmutz auf den Matten. <\/figcaption><\/figure>\n\n\n\n<figure class=\"wp-block-image\"><img loading=\"lazy\" decoding=\"async\" width=\"1024\" height=\"402\" src=\"http:\/\/aikido-sindelfingen.de\/wp-content\/uploads\/2019\/06\/2016-10-28-427-Zaho-1024x402.jpg\" alt=\"\" class=\"wp-image-74\" srcset=\"https:\/\/aikido-sindelfingen.de\/wp-content\/uploads\/2019\/06\/2016-10-28-427-Zaho-1024x402.jpg 1024w, https:\/\/aikido-sindelfingen.de\/wp-content\/uploads\/2019\/06\/2016-10-28-427-Zaho-300x118.jpg 300w, https:\/\/aikido-sindelfingen.de\/wp-content\/uploads\/2019\/06\/2016-10-28-427-Zaho-768x301.jpg 768w\" sizes=\"auto, (max-width: 767px) 89vw, (max-width: 1000px) 54vw, (max-width: 1071px) 543px, 580px\" \/><figcaption>Zu  Beginn des Trainings wird sich in einer Reihe auf der Matte  aufgestellt. Anschlie\u00dfend begibt man sich in den &#8222;Kniesitz&#8220; und es wird  sich verbeugt- hierbei am besten bei den Nachbarn spickeln \ud83d\ude09 <br>Dies ist die \u00fcbliche Begr\u00fc\u00dfung f\u00fcr einen gemeinsamen Start und dem symbolischen Beginn des Trainings. <\/figcaption><\/figure>\n\n\n\n<p>Alles Weitere wird euch w\u00e4hrend des Trainings erkl\u00e4rt und gezeigt.<\/p>\n","protected":false},"excerpt":{"rendered":"<p>Alles Weitere wird euch w\u00e4hrend des Trainings erkl\u00e4rt und gezeigt.<\/p>\n","protected":false},"author":1,"featured_media":0,"parent":220,"menu_order":2,"comment_status":"closed","ping_status":"closed","template":"","meta":{"footnotes":""},"class_list":["post-60","page","type-page","status-publish","hentry"],"_links":{"self":[{"href":"https:\/\/aikido-sindelfingen.de\/index.php?rest_route=\/wp\/v2\/pages\/60","targetHints":{"allow":["GET"]}}],"collection":[{"href":"https:\/\/aikido-sindelfingen.de\/index.php?rest_route=\/wp\/v2\/pages"}],"about":[{"href":"https:\/\/aikido-sindelfingen.de\/index.php?rest_route=\/wp\/v2\/types\/page"}],"author":[{"embeddable":true,"href":"https:\/\/aikido-sindelfingen.de\/index.php?rest_route=\/wp\/v2\/users\/1"}],"replies":[{"embeddable":true,"href":"https:\/\/aikido-sindelfingen.de\/index.php?rest_route=%2Fwp%2Fv2%2Fcomments&post=60"}],"version-history":[{"count":4,"href":"https:\/\/aikido-sindelfingen.de\/index.php?rest_route=\/wp\/v2\/pages\/60\/revisions"}],"predecessor-version":[{"id":237,"href":"https:\/\/aikido-sindelfingen.de\/index.php?rest_route=\/wp\/v2\/pages\/60\/revisions\/237"}],"up":[{"embeddable":true,"href":"https:\/\/aikido-sindelfingen.de\/index.php?rest_route=\/wp\/v2\/pages\/220"}],"wp:attachment":[{"href":"https:\/\/aikido-sindelfingen.de\/index.php?rest_route=%2Fwp%2Fv2%2Fmedia&parent=60"}],"curies":[{"name":"wp","href":"https:\/\/api.w.org\/{rel}","templated":true}]}}